What is the remainder when l is divided by -4*(5 - (-116)/(-16))?
8
Suppose 0 = -4*g - g + h + 29, -4*g + 40 = -5*h. Let f(b) = -b**2 + 5*b + 3. What is the remainder when f(g) is divided by 3 + 16/(-10) - (-21)/35?
1
Suppose 2*b - 15 - 13 = 0. Let x(n) = n + 47. Suppose -50 = -2*w - 5*d, -3*w - d + 58 = -2*d. Calculate the remainder when x(w) is divided by b.
11
Suppose -5*f - 44*p + 229 = -43*p, 2*f = -2*p + 90. Calculate the remainder when f is divided by 16.
14
Let y(s) = 2*s - 3. Let o be y(9). Suppose 3*u + o = 5*p - 18, 5*p + u - 49 = 0. What is the remainder when 20 is divided by p?
2
Let t be 3/(-9) - (-70)/(-15). Let k(d) = 6*d**2 - 2*d + 14. What is the remainder when k(t) is divided by 35?
34
Let v = -37 - -66. Let o(s) = -2*s**2 - 36*s - 61. What is the remainder when v is divided by o(-16)?
2
Let g = -3 - 8. Let a be (4 + (g - -1))*-1. Suppose 0 = -h + a*h - 130. Calculate the remainder when h is divided by 14.
12
Calculate the remainder when 34 is divided by (8 + -98)/(-9) - -17.
7
Suppose 34*y - 49*y + 3480 = 0. Calculate the remainder when y is divided by 22.
12
Let u(s) = s**3 + 14*s**2 + s + 17. Let t be u(-14). Suppose 0*j = t*j. Suppose -6*w + 7*w - 43 = j. What is the remainder when w is divided by 11?
10
Let p(m) = m**2 - 4*m + 5. What is the remainder when p(5) is divided by 5?
0
Suppose 11*t - 655 = 181. Calculate the remainder when t is divided by 20.
16
Suppose 2*l + 3*l - 335 = 0. What is the remainder when l is divided by (0 - -20) + 5 + (1 - 3)?
21
Let v be ((-112)/1)/(-4) + -4. Let g be v*(40/12)/2. What is the remainder when 16/g - (-146)/10 is divided by 9?
6
Let r = 2448 - 2431. What is the remainder when 2581 is divided by r?
14
Suppose -6*c + 5*c = 0. Let f(z) = -z + 4. What is the remainder when f(c) is divided by 2*(119/70 - 1/5)?
1
Suppose -3*b - 113 = g, -4*g - g - 10 = 0. Let x = -29 - b. What is the remainder when 30 is divided by x?
6
Suppose 2*u - 108 = -2*u. Let o = 16 + -14. Suppose -s + 156 = o*g, 0*g - g + 78 = s. What is the remainder when g is divided by u?
24
Suppose 5*y + 4*q = 151, -y - 8*q + 9*q + 23 = 0. Suppose 2*x = -0*x - a - 9, 5*x = 2*a. Let t = 17 + x. What is the remainder when y is divided by t?
12
Suppose 0 = -12*r + 11*r. Suppose q + 5*q = r. Suppose 92 = 4*n - 2*t, q*n = 2*n + 4*t - 26. What is the remainder when 39 is divided by n?
18
Let z(i) = i**2 - 13*i + 20. Suppose 4*q - 94 = 2*d, 44 + 31 = 3*q - 3*d. What is the remainder when q is divided by z(12)?
6
Suppose -3*m = g - 30, 5*g = -m + 90 - 10. Calculate the remainder when 27 is divided by g.
12
Let a(o) = -27*o + 1. Suppose -25*w - 5*k - 91 = -26*w, 10 = -5*k. What is the remainder when w is divided by a(-1)?
25
Let y(q) = -7*q - 1. Let n(m) = m**2 + 6*m + 1. Let v be n(-5). Let j(d) = 3*d**2 + 2. What is the remainder when y(v) is divided by j(-2)?
13
Suppose -3*c + 3*l + 364 = l, 5*l + 10 = 0. What is the remainder when c is divided by 36?
12
What is the remainder when 83 + (-4 - -1 - (4 - 2)) is divided by 12?
6
Let y = 77 - 72. Suppose -o + 45 = -0*o - 2*p, 0 = 2*o - y*p - 94. Calculate the remainder when o is divided by (-2)/1*(-104)/16.
11
Let f = 486 - 451. What is the remainder when 87 is divided by f?
17
Let s(d) = d**2 + d. Let c be s(-6). Let l = c + -17. Let w(g) = 6*g**2 + g. What is the remainder when l is divided by w(-1)?
3
Let b = -7 - -11. Suppose o + 10 = n + 5*o, 0 = -4*n + b*o. Suppose 0*i + 2*i = n*l - 14, -4*i + 8 = 0. Calculate the remainder when 24 is divided by l.
6
Suppose 57 = 5*z - 4*z. Suppose -d + 4*d - 36 = 0. What is the remainder when z is divided by d?
9
Let d = -374 - -483. Calculate the remainder when d is divided by 22.
21
Let t = 187 - -140. Calculate the remainder when t is divided by 22.
19
Suppose 18 + 16 = 2*a. Let i = a + -12. Suppose 0 = i*m - 17 - 58. What is the remainder when 28 is divided by m?
13
Suppose -2*k - 146 = -5*b, 2*k = -2*b + 3*b - 26. Let w = 10 + b. Calculate the remainder when w is divided by 11.
7
Suppose x - 9 = -4. Let r = -24 + 54. Suppose -3*n + 27 = -r. Calculate the remainder when n is divided by x.
4
Suppose t = 13 + 12. Calculate the remainder when t is divided by 14.
11
Suppose 50 = 3*k + 4*p, 3*k + 10*p = 12*p + 38. Calculate the remainder when 54 is divided by k.
12
Suppose -2*b - 3 = -11. Suppose 5 - 41 = -b*y. Let r(s) = s**2 - 8*s + 9. What is the remainder when 51 is divided by r(y)?
15
Let b(i) = i**3 - 4*i**2 + 17*i - 138. What is the remainder when b(6) is divided by 5?
1
Suppose -x + 4 = v, -5*v - 7 - 8 = -2*x. Suppose 4*r - r = 4*l + 28, x*r = 2*l + 28. What is the remainder when 15 is divided by r?
3
Suppose 15*b = 7*b + 472. Suppose 2*s = 7*s - 5*n + 180, 141 = -4*s + n. Let t = -15 - s. What is the remainder when b is divided by t?
19
Let k = -373 + 399. What is the remainder when 97 is divided by k?
19
Let j be 10/2*(5 + -4). Suppose -5*y - 2*h + 154 = h, -j*h + 160 = 5*y. Calculate the remainder when 113 is divided by y.
26
Let c(i) = -2*i - 16. Let r(m) = 4*m**2 + 3*m + 1. Let w be r(-1). What is the remainder when ((-21)/w)/(3/(-6)) is divided by c(-11)?
3
Suppose -6*c + 75 = -c. Calculate the remainder when 103 is divided by c.
13
Suppose -3*n = 210 + 93. Let q = 170 + n. Calculate the remainder when q is divided by 14.
13
Let y = 1 + -10. Calculate the remainder when 3 is divided by y*2/(-9)*(-6)/(-4).
0
Let b(d) = 2*d. Let p be b(7). Let z = -3 + p. Suppose -z*a = -6*a - 15. Calculate the remainder when 10 is divided by a.
1
Let j(x) = -x**2 + 18*x - 28. What is the remainder when j(5) is divided by 19?
18
Suppose 0 = -5*o - 28*o + 4752. Calculate the remainder when o is divided by 73.
71
Let t(b) = -92*b - 3. Let q(n) = -n**2 - 7*n - 1. Let h be q(-7). What is the remainder when t(h) is divided by 18?
17
Suppose -s - 20 = -5*s. Suppose 4*q = -0*f + 3*f + 44, 75 = -5*f + s*q. Calculate the remainder when ((-30)/4)/(f/96) is divided by 16.
13
Let g = -7 - 14. Let m = g - -22. Let l(u) = 39*u - 1. Calculate the remainder when l(m) is divided by 20.
18
Suppose 5*y = k + 18, 3*k + 274 - 280 = 3*y. Let w be (-18)/2 + (-4)/(-2). Let n = 15 + w. Calculate the remainder when n is divided by y.
3
Let o = 1597 + -1467. Calculate the remainder when o is divided by 58.
14
Suppose 3*c = 4*h - 1238, -3*h + 3*c + 0*c = -927. What is the remainder when h is divided by 12?
11
Let r(k) = -2*k + 3. Let n(w) be the first derivative of 2*w**2 - 2*w - 5. Calculate the remainder when r(-7) is divided by n(3).
7
Calculate the remainder when 87 is divided by 90/(-24) - -4 - (-15)/4.
3
What is the remainder when 46 is divided by (-1)/(6 + (-366)/60)?
6
Let i(h) = h**3 - 4*h**2 - 4*h + 7. Let p(n) = 5*n**2 - n + 2. Let l be p(-3). Suppose -15 = v - l. Calculate the remainder when v is divided by i(5).
11
Let x(l) = 20*l - 1. Let c be x(-1). Let z = c - -37. Suppose g - 82 = -2*g - w, -w - 121 = -4*g. What is the remainder when g is divided by z?
13
Suppose -2*o - 81 + 501 = 4*l, l + 5*o - 114 = 0. Calculate the remainder when l is divided by 34.
2
Suppose -10*y - 3657 = -33*y. What is the remainder when y is divided by 40?
39
Suppose -3*h + 11 = -1. Let s = 14 + -18. Calculate the remainder when ((-2)/6)/(s/84) is divided by h.
3
Let q(o) = -3*o + 22. Let m be q(9). Let g = m - -7. Suppose -3*x - 4 = -4*v + x, -2*v + 4 = -x. Calculate the remainder when v is divided by g.
1
Let w = -45 + 51. Let b(h) = 45*h + 1. Let m be b(1). Let o = m - 17. Calculate the remainder when o is divided by w.
5
Suppose 18*w = 14*w + 172. Calculate the remainder when w is divided by 14.
1
Let t(q) = -23*q + 3. What is the remainder when t(-1) is divided by 12?
2
Let n be ((-576)/168)/((-4)/42). Suppose 3*z = z + n. Calculate the remainder when 33 is divided by z.
15
Let g = 38 + -16. Let a(p) = p**3 + 7*p**2 + 4*p + 5. What is the remainder when a(-6) is divided by 316/44 + (-4)/g?
3
Suppose 0 = 7*q - 483 - 1890. Suppose -3*w + 6*w - q = 0. What is the remainder when w is divided by 23?
21
Suppose 0 = -4*o - 3*l + 16, 3*l + 11 = 5*o - 9. Suppose -o*s + s = -285. What is the remainder when s is divided by 32?
31
Suppose 5*d = -4*y + 311 + 171, 0 = -3*d - 3*y + 291. Calculate the remainder when d is divided by 14.
10
Calculate the remainder when 1*3/3*179 is divided by (1 